7 prime?
False
Is 20329 prime?
False
Is 35063 a prime number?
False
Is 6711 a prime number?
False
Is 2819 composite?
False
Is 28201 composite?
False
Is 46663 prime?
True
Is 168809 a prime number?
False
Is 18659 composite?
True
Is 426131 a composite number?
False
Is 1091219 a prime number?
True
Is 3254729 prime?
True
Is 2042449 prime?
True
Is 60719 composite?
False
Is 14485 prime?
False
Is 197737 prime?
False
Is 1663509 prime?
False
Is 1269091 a composite number?
False
Is 24257 composite?
True
Is 1596341 a composite number?
False
Is 460877 a prime number?
False
Is 8197 a composite number?
True
Is 871837 prime?
True
Is 9041 a prime number?
True
Is 140717 a prime number?
True
Is 2927 prime?
True
Is 28147 prime?
False
Is 1210541 a composite number?
False
Is 1117 a composite number?
False
Is 22897 a prime number?
False
Is 1817 composite?
True
Is 173131 prime?
False
Is 85159 a prime number?
True
Is 7901 prime?
True
Is 214391 a prime number?
True
Is 1467821 a composite number?
False
Is 16597 composite?
True
Is 17833 a prime number?
False
Is 1557103 composite?
False
Is 1532843 composite?
True
Is 151693 composite?
False
Is 365087 a composite number?
True
Is 66637 a composite number?
True
Is 67211 a composite number?
False
Is 13777 a prime number?
False
Is 218951 composite?
True
Is 36574 composite?
True
Is 35069 prime?
True
Is 47477 composite?
True
Is 966727 composite?
False
Is 1711937 prime?
True
Is 20245 composite?
True
Is 335705 prime?
False
Is 18527 prime?
False
Is 72055 prime?
False
Is 667 a prime number?
False
Is 249037 prime?
True
Is 5209 a composite number?
False
Is 5069 composite?
True
Is 380467 a prime number?
False
Is 317 a composite number?
False
Is 2846 composite?
True
Is 42509 a prime number?
True
Is 79093 prime?
False
Is 17291 a composite number?
False
Is 19181 prime?
True
Is 1919273 a prime number?
True
Is 569237 a prime number?
True
Is 955 prime?
False
Is 471749 composite?
False
Is 178 a composite number?
True
Is 9601 composite?
False
Is 329617 a prime number?
True
Is 440673 a prime number?
False
Is 2533 a prime number?
False
Is 2702746 composite?
True
Is 43717 a prime number?
True
Is 3487897 a composite number?
True
Is 10522 prime?
False
Is 23321 a composite number?
False
Is 48473 composite?
False
Is 522317 a composite number?
False
Is 1912087 composite?
False
Is 139579 prime?
False
Is 137627 a prime number?
False
Is 7694 a composite number?
True
Is 743893 a composite number?
True
Is 706993 prime?
False
Is 7513 composite?
True
Is 6547 prime?
True
Is 317 a prime number?
True
Is 130423 prime?
True
Is 15891 a prime number?
False
Is 201063 prime?
False
Is 2429 composite?
True
Is 15527 prime?
True
Is 742249 prime?
False
Is 21251 prime?
False
Is 5147 a composite number?
False
Is 55661 a prime number?
True
Is 224021 a prime number?
False
Is 8189 composite?
True
Is 312731 a prime number?
False
Is 293 composite?
False
Is 428977 a composite number?
False
Is 469857 a prime number?
False
Is 80554 prime?
False
Is 83339 a composite number?
False
Is 2545757 composite?
False
Is 36523 composite?
False
Is 36689 a composite number?
True
Is 14429 prime?
False
Is 438706 prime?
False
Is 837519 a prime number?
False
Is 176971 a composite number?
True
Is 554263 composite?
False
Is 25523 a composite number?
False
Is 2907055 prime?
False
Is 6043 composite?
False
Is 584347 prime?
True
Is 145207 a prime number?
True
Is 985 a composite number?
True
Is 3907 prime?
True
Is 661587 a composite number?
True
Is 17857 a prime number?
False
Is 10229 a composite number?
True
Is 4721 a composite number?
False
Is 143363 composite?
True
Is 2371 a prime number?
True
Is 727957 prime?
False
Is 254323 a prime number?
False
Is 138505 a composite number?
True
Is 1124951 a prime number?
True
Is 1673 composite?
True
Is 265781 a prime number?
True
Is 586159 a prime number?
False
Is 523139 composite?
True
Is 4499 a composite number?
True
Is 148627 prime?
True
Is 1469 prime?
False
Is 66841 a composite number?
False
Is 12611 a composite number?
False
Is 2954927 a prime number?
True
Is 18101 prime?
False
Is 17049 a prime number?
False
Is 314107 prime?
True
Is 223 a prime number?
True
Is 715213 a composite number?
True
Is 47193 a composite number?
True
Is 26045 a composite number?
True
Is 99523 prime?
True
Is 57049 composite?
True
Is 3261 prime?
False
Is 84049 prime?
False
Is 300109 a composite number?
False
Is 1579 composite?
False
Is 19207 a composite number?
False
Is 1813827 prime?
False
Is 100267 composite?
False
Is 40087 a prime number?
True
Is 15839 prime?
False
Is 1594 a prime number?
False
Is 271621 a prime number?
False
Is 63905 composite?
True
Is 1243895 a composite number?
True
Is 2897 prime?
True
Is 772615 composite?
True
Is 185161 a prime number?
True
Is 7311 a composite number?
True
Is 10973 composite?
False
Is 44101 prime?
True
Is 7609 a prime number?
False
Is 5167 composite?
False
Is 1753 a prime number?
True
Is 2845463 a prime number?
True
Is 49273 prime?
False
Is 200749 composite?
True
Is 1189 a composite number?
True
Is 20873 a prime number?
True
Is 35617 composite?
False
Is 4083 a prime number?
False
Is 28829 a composite number?
True
Is 1137 a prime number?
False
Is 115303 a composite number?
False
Is 30509 a prime number?
True
Is 1509353 prime?
True
Is 223117 prime?
False
Is 6537 prime?
False
Is 53951 a composite number?
False
Is 1087 a composite number?
False
Is 96079 a composite number?
False
Is 69557 a prime number?
True
Is 74623 a prime number?
True
Is 520379 composite?
False
Is 23419 prime?
False
Is 132001 composite?
False
Is 757 a prime number?
True
Is 42611 prime?
True
Is 15419 composite?
True
Is 43933 composite?
False
Is 34009 prime?
False
Is 212989 prime?
False
Is 336173 a prime number?
False
Is 238709 a composite number?
False
Is 837631 a composite number?
False
Is 19939 composite?
True
Is 273487 composite?
True
Is 18479 a prime number?
False
Is 6317 composite?
False
Is 93787 a prime number?
True
Is 6488435 composite?
True
Is 132771 a composite number?
True
Is 393059 a composite number?
False
Is 649261 prime?
True
Is 5039 prime?
True
Is 252313 composite?
False
Is 55519 prime?
False
Is 132497 prime?
False
Is 46399 prime?
True
Is 22901 a composite number?
False
Is 90869 prime?
False
Is 7829 composite?
False
Is 15511 composite?
False
Is 4490751 composite?
True
Is 103063 composite?
True
Is 6997 prime?
True
Is 449 a composite number?
False
Is 1861 a composite number?
False
Is 44953 prime?
True
Is 115183 composite?
False
Is 1065937 a composite number?
False
Is 4391 prime?
True
Is 521393 a prime number?
True
Is 336263 composite?
False
Is 282721 a prime number?
False
Is 629 composite?
True
Is 123086 prime?
False
Is 296603 composite?
True
Is 70646 composite?
True
Is 1863287 prime?
False
Is 8639 prime?
False
Is 19373 composite?
False
Is 41999 a prime number?
True
Is 9521 composite?
False
Is 36362 a composite number?
True
Is 1032191 composite?
False
Is 17617 a composite number?
True
Is 3041 composite?
False
Is 3571 a composite number?
False
Is 2789 composite?
False
Is 18215 composite?
True
Is 59827 prime?
False
Is 13943 composite?
True
Is 1046307 a prime number?
False
Is 284989 prime?
True
Is 291383 a composite number?
True
Is 123581 composite?
False
Is 402197 a prime number?
True
Is 1225787 a composite number?
False
Is 872693 a composite number?
True
Is 23531 prime?
True
Is 88079 a composite number?
False
Is 66098 prime?
False
Is 22409 prime?
True
Is 44153 prime?
False
Is 105109 prime?
False
Is 1503773 a composite number?
True
Is 7617 prime?
False
Is 65269 a prime number?
True
Is 1339813 a composite number?
False
Is 1058221 a composite number?
False
Is 1177387 prime?
True
Is 101159 a prime number?
True
Is 4481 a prime number?
True
Is 8977 a prime number?
False
Is 701 a prime number?
True
Is 19919 a prime number?
True
Is 7573 a composite number?
False
Is 1801 composite?
False
Is 1379 a prime number?
False
Is 87034 a prime number?
False
Is 17291 a prime number?
True
Is 72946 composite?
True
Is 11887 prime?
True
Is 493313 a prime number?
True
Is 115963 a composite number?
False
Is 8309 a prime number?
False
Is 793127 a prime number?
False
Is 115585 prime?
False
Is 34823 prime?
False
Is 16273 composite?
False
Is 1757 prime?
False
Is 499417 a prime number?
False
Is 210